 and 18.
18
What is the highest common divisor of 55800 and 5301?
279
What is the highest common divisor of 77314 and 186?
62
What is the greatest common divisor of 64437 and 1410?
141
Calculate the greatest common factor of 561 and 12801.
51
Calculate the greatest common factor of 1512000 and 560.
560
What is the highest common factor of 8468 and 123808?
292
Calculate the highest common factor of 7144 and 25756.
188
Calculate the highest common divisor of 2 and 898542.
2
Calculate the highest common divisor of 856698 and 34.
34
What is the greatest common factor of 101350 and 50?
50
What is the greatest common divisor of 207830 and 630?
70
What is the highest common factor of 2124 and 4986?
18
What is the highest common divisor of 30 and 5385?
15
Calculate the greatest common factor of 128127 and 12.
3
Calculate the greatest common factor of 6860176 and 372.
124
Calculate the greatest common factor of 122811 and 402.
201
What is the highest common factor of 156023 and 868?
217
What is the greatest common factor of 21386 and 544?
34
Calculate the greatest common divisor of 41650 and 2338.
14
What is the greatest common factor of 807 and 32011?
269
What is the greatest common factor of 8019 and 244728?
297
Calculate the highest common divisor of 32 and 11846528.
32
Calculate the highest common factor of 3729 and 1469.
113
What is the greatest common factor of 360211 and 344?
43
What is the greatest common divisor of 28 and 937804?
28
Calculate the highest common factor of 361 and 47291.
361
Calculate the highest common divisor of 1800 and 3270.
30
Calculate the highest common divisor of 30607 and 254.
127
Calculate the highest common divisor of 435 and 1015.
145
What is the greatest common divisor of 2668 and 319792?
92
What is the highest common divisor of 106280 and 40?
40
Calculate the highest common factor of 16384 and 17152.
256
Calculate the highest common factor of 205 and 15.
5
What is the highest common factor of 336 and 1900920?
168
Calculate the highest common factor of 168194 and 4030.
26
Calculate the highest common factor of 2580 and 1099940.
860
What is the greatest common factor of 48 and 1677?
3
Calculate the highest common factor of 14 and 2824633.
7
What is the highest common divisor of 70 and 1674190?
70
Calculate the highest common factor of 62567 and 192622.
703
What is the highest common divisor of 545761 and 3609?
401
What is the highest common factor of 367880 and 460?
20
Calculate the greatest common factor of 513264 and 17.
17
What is the highest common factor of 7854 and 5082?
462
Calculate the greatest common factor of 304 and 78014.
38
What is the greatest common divisor of 936 and 243072?
72
Calculate the greatest common factor of 1752504 and 13.
13
Calculate the greatest common factor of 11454 and 47334.
138
What is the greatest common factor of 125125 and 110?
55
What is the greatest common divisor of 2346 and 35802?
102
What is the greatest common factor of 49 and 81886?
7
Calculate the greatest common factor of 15499498 and 14.
14
Calculate the greatest common divisor of 95628 and 72.
12
What is the highest common divisor of 21612 and 78?
6
Calculate the greatest common divisor of 6272 and 21.
7
Calculate the greatest common factor of 199863 and 3339.
477
What is the greatest common factor of 237227 and 4396?
157
What is the highest common divisor of 2190 and 349670?
730
What is the highest common factor of 840 and 7407960?
840
What is the highest common factor of 560 and 14840?
280
What is the greatest common factor of 27052 and 20?
4
Calculate the greatest common factor of 1031040 and 120.
120
Calculate the highest common divisor of 13148 and 2052.
76
What is the highest common divisor of 87199 and 7?
7
Calculate the greatest common divisor of 1601342 and 530.
106
Calculate the highest common divisor of 768 and 54048.
96
What is the highest common factor of 125853 and 871?
13
What is the highest common factor of 30 and 611322?
6
Calculate the highest common divisor of 3088 and 392.
8
What is the greatest common divisor of 2875 and 1750?
125
What is the greatest common factor of 4 and 624508?
4
What is the highest common factor of 32382 and 2016?
126
Calculate the greatest common factor of 15488 and 128.
128
Calculate the greatest common factor of 1065 and 208953.
213
Calculate the highest common divisor of 5022 and 10053.
9
What is the greatest common divisor of 11749 and 1209?
31
What is the greatest common factor of 6903 and 208683?
531
Calculate the greatest common divisor of 66673 and 24046.
1093
What is the highest common factor of 101909 and 707?
101
What is the highest common factor of 20672 and 4199?
323
What is the greatest common divisor of 2862 and 36558?
54
What is the highest common factor of 7056 and 2304?
144
What is the greatest common divisor of 152 and 137960?
8
What is the greatest common divisor of 130 and 19617910?
130
Calculate the highest common factor of 30285 and 180.
45
What is the highest common divisor of 449 and 559005?
449
Calculate the highest common factor of 42523 and 104.
13
What is the highest common factor of 74790 and 80?
10
What is the greatest common divisor of 1270 and 533146?
254
Calculate the highest common factor of 8480 and 2720.
160
What is the greatest common divisor of 906 and 9936?
6
What is the greatest common divisor of 181519 and 13?
13
What is the greatest common divisor of 1411232 and 32?
32
Calculate the highest common factor of 811765 and 895.
895
What is the highest common factor of 748906 and 123?
41
What is the highest common factor of 5725 and 7557?
229
What is the highest common divisor of 54 and 24606?
18
Calculate the highest common divisor of 94745 and 35.
35
What is the highest common divisor of 39176 and 23128?
472
What is the greatest common divisor of 64163 and 627?
209
Calculate the greatest common factor of 28278 and 882.
18
Calculate the greatest common divisor of 576 and 729.
9
What is the greatest common divisor of 1682 and 2494?
58
Calculate the greatest common factor of 630 and 3231.
9
What is the highest common divisor of 5352 and 266485?
223
What is the greatest common factor of 3121 and 4?
1
What is the greatest common factor of 370 and 13230?
10
Calculate the highest common factor of 12454 and 169.
13
Calculate the highest common factor of 160 and 65424.
16
What is the highest common divisor of 17980 and 50?
10
What is the highest common divisor of 1975 and 620466?
79
Calculate the greatest common factor of 6087 and 81.
3
Calculate the greatest common factor of 5796 and 16758.
126
Calculate the highest common divisor of 186 and 293260.
62
Calculate the highest common factor of 4096 and 46.
2
Calculate the highest common factor of 16459 and 2289.
109
What is the highest common divisor of 180 and 490455?
45
What is the greatest common factor of 395291 and 169?
169
Calculate the greatest common divisor of 97284 and 7623.
363
Calculate the highest common factor of 105443 and 39.
13
Calculate the highest common factor of 72 and 97992.
72
Calculate the greatest common factor of 1971 and 7128.
27
What is the greatest common divisor of 43656 and 480?
24
Calculate the greatest common divisor of 229118 and 654.
218
What is the highest common divisor of 295 and 74045?
295
What is the greatest common factor of 4304 and 12?
4
Calculate the greatest common divisor of 11 and 490831.
11
Calculate the greatest common factor of 1566 and 56754.
54
What is the highest common divisor of 90 and 7815?
15
Calculate the greatest common divisor of 131987 and 445.
89
What is the highest common factor of 10304 and 91126?
322
What is the greatest common divisor of 6352 and 2224?
16
Calculate the greatest common divisor of 26 and 870662.
26
Calculate the highest common factor of 13585 and 9240.
55
What is the greatest common divisor of 13325 and 19175?
325
Calculate the greatest common divisor of 104 and 86242.
26
Calculate the greatest common factor of 2093 and 31717.
161
Calculate the highest common factor of 131700 and 4.
4
Calculate the greatest common divisor of 2160 and 2580.
60
What is the greatest common divisor of 3097 and 1387?
19
Calculate the highest common factor of 799 and 28529.
47
What is the highest common divisor of 7501 and 117?
13
What 